 prime factors of 7594315627?
7594315627
What are the prime factors of 198797811?
3, 66265937
List the prime factors of 498297894.
2, 3, 29, 67, 42743
List the prime factors of 2315802070.
2, 5, 67, 107, 32303
What are the prime factors of 58757318?
2, 23, 859, 1487
List the prime factors of 123345665.
5, 23, 877, 1223
What are the prime factors of 2222980567?
23, 389, 248461
What are the prime factors of 5365295615?
5, 1073059123
What are the prime factors of 194599084?
2, 571, 85201
List the prime factors of 1209970589.
1209970589
List the prime factors of 293406842.
2, 17, 8629613
List the prime factors of 406110161.
17, 19, 1257307
What are the prime factors of 1897289324?
2, 7, 67760333
List the prime factors of 459908488.
2, 13, 340169
List the prime factors of 411051114.
2, 3, 173, 132001
What are the prime factors of 79141206?
2, 3, 23, 573487
What are the prime factors of 31550373?
3, 3505597
List the prime factors of 32308020.
2, 3, 5, 239, 751
List the prime factors of 1283541227.
53, 24217759
What are the prime factors of 4469932248?
2, 3, 19, 613, 15991
What are the prime factors of 254841607?
31, 37, 43, 5167
List the prime factors of 5025020507.
13, 386540039
List the prime factors of 1740428425.
5, 163, 487, 877
List the prime factors of 998117491.
7, 311, 458483
List the prime factors of 220860260.
2, 5, 17, 23, 61, 463
List the prime factors of 582874681.
22123, 26347
List the prime factors of 2388672694.
2, 653, 1828999
What are the prime factors of 1110701360?
2, 5, 127, 109321
List the prime factors of 534848183.
61, 71, 123493
List the prime factors of 31523394.
2, 3, 7, 19, 39503
What are the prime factors of 25231900?
2, 5, 252319
List the prime factors of 3001218441.
3, 13, 35027
List the prime factors of 95438539.
7, 19, 809, 887
List the prime factors of 1387980303.
3, 12743, 36307
List the prime factors of 6299493391.
23, 10889, 25153
What are the prime factors of 387995193?
3, 2039, 21143
What are the prime factors of 747787899?
3, 249262633
List the prime factors of 1024779357.
3, 7, 409, 491
What are the prime factors of 132731453?
132731453
What are the prime factors of 4182172994?
2, 2091086497
What are the prime factors of 768101796?
2, 3, 7, 11, 37, 7489
What are the prime factors of 1365680909?
12157, 112337
What are the prime factors of 875760257?
659, 1328923
List the prime factors of 51958195.
5, 10391639
List the prime factors of 10772801.
13, 828677
List the prime factors of 175640202.
2, 3, 109, 89521
What are the prime factors of 2717434275?
3, 5, 17, 2131321
List the prime factors of 269264673.
3, 29918297
List the prime factors of 111402439.
1733, 64283
List the prime factors of 54369609.
3, 7, 2589029
List the prime factors of 2089203235.
5, 7, 19, 3141659
List the prime factors of 1800456455.
5, 7, 51441613
What are the prime factors of 18255797?
7, 53, 49207
List the prime factors of 13847960.
2, 5, 7, 19, 137
List the prime factors of 6232152878.
2, 7, 617, 721481
List the prime factors of 93225806.
2, 43, 443, 2447
List the prime factors of 97913749.
3881, 25229
List the prime factors of 452313059.
11, 41119369
List the prime factors of 94844741.
94844741
What are the prime factors of 622125092?
2, 61, 331, 7703
List the prime factors of 2029291430.
2, 5, 59, 3439477
What are the prime factors of 75530875?
5, 7, 37, 2333
List the prime factors of 183439431.
3, 7, 31, 131, 239
List the prime factors of 124998014.
2, 31, 67, 30091
What are the prime factors of 221737009?
13, 283, 60271
What are the prime factors of 446687682?
2, 3, 7, 17, 19, 1733
List the prime factors of 351198971.
17, 151, 136813
List the prime factors of 97008920.
2, 5, 31, 78233
What are the prime factors of 4121363470?
2, 5, 7, 58876621
What are the prime factors of 200256206?
2, 100128103
What are the prime factors of 127576377?
3, 23, 31, 47
What are the prime factors of 24522475?
5, 980899
What are the prime factors of 53685564?
2, 3, 19, 41, 5743
List the prime factors of 1321003598.
2, 17, 83, 468109
What are the prime factors of 45904644?
2, 3, 83, 569
List the prime factors of 33459908.
2, 8364977
List the prime factors of 3763695998.
2, 239, 7873841
What are the prime factors of 18651523?
11, 1695593
What are the prime factors of 6844009193?
7, 29, 1439, 3347
List the prime factors of 89710341.
3, 7, 43, 99347
What are the prime factors of 13978849?
13978849
What are the prime factors of 49635964?
2, 7, 1772713
List the prime factors of 472334893.
73, 6470341
List the prime factors of 17969017.
11, 17, 307, 313
List the prime factors of 2571046947.
3, 7, 13603423
List the prime factors of 614871922.
2, 7, 59, 744397
What are the prime factors of 1105918694?
2, 7109, 77783
List the prime factors of 22371409.
1399, 15991
List the prime factors of 14625214.
2, 1033, 7079
What are the prime factors of 2440419138?
2, 3, 31, 37, 41
What are the prime factors of 283033897?
283033897
List the prime factors of 97099183.
107, 907469
What are the prime factors of 2499966569?
17, 139, 1057963
What are the prime factors of 48104510?
2, 5, 131, 36721
What are the prime factors of 3624382732?
2, 31, 1933, 15121
List the prime factors of 1087081.
61, 71, 251
List the prime factors of 47085338.
2, 389, 60521
List the prime factors of 1762092831.
3, 67, 457, 19183
List the prime factors of 32817473.
13, 29, 87049
What are the prime factors of 53997658?
2, 11, 13, 19, 523
List the prime factors of 76053489.
3, 25351163
What are the prime factors of 1339281235?
5, 12391, 21617
List the prime factors of 501307200.
2, 3, 5, 31, 1123
What are the prime factors of 56927634?
2, 3, 9487939
What are the prime factors of 13064810?
2, 5, 11, 73, 1627
What are the prime factors of 441274513?
41, 10762793
What are the prime factors of 246340286?
2, 123170143
List the prime factors of 715720284.
2, 3, 223, 89153
List the prime factors of 454064548.
2, 7, 16216591
List the prime factors of 291492801.
3, 1327, 24407
What are the prime factors of 2865613?
37, 41, 1889
What are the prime factors of 616339035?
3, 5, 13, 1053571
What are the prime factors of 108775422?
2, 3, 7, 521, 1657
List the prime factors of 103310571.
3, 7, 13, 7723
List the prime factors of 5606319723.
3, 761, 2455681
List the prime factors of 13307793.
3, 337, 13163
What are the prime factors of 2409238953?
3, 11, 71, 342757
What are the prime factors of 217162910?
2, 5, 21716291
List the prime factors of 988543728.
2, 3, 67, 102461
List the prime factors of 186297124.
2, 13, 3582637
What are the prime factors of 1853264554?
2, 17, 101, 283, 1907
What are the prime factors of 265963160?
2, 5, 71, 1319
List the prime factors of 168557975.
5, 17, 199, 1993
List the prime factors of 47417555.
5, 1907, 4973
What are the prime factors of 2448229787?
131, 191, 97847
List the prime factors of 47641603.
241, 197683
List the prime factors of 453546391.
12073, 37567
List the prime factors of 462570517.
79, 269, 21767
List the prime factors of 1031729659.
19, 43, 73, 17299
What are the prime factors of 118575634?
2, 181, 327557
What are the prime factors of 1761949966?
2, 7, 125853569
List the prime factors of 3316114396.
2, 7, 197, 12269
List the prime factors of 292596630.
2, 3, 5, 173, 56377
List the prime factors of 423238912.
2, 83, 19919
What are the prime factors of 85254095?
5, 17050819
List the prime factors of 4353396283.
37, 4583, 25673
List the prime factors of 278310153.
3, 11, 8433641
List the prime factors of 26528724.
2, 3, 71, 97, 107
List the prime factors of 677149012.
2, 169287253
What are the prime factors of 215813689?
7, 13, 43, 7879
List the prime factors of 1313701666.
2, 656850833
What are the prime factors of 18521869?
233, 79493
List the prime factors of 62398068.
2, 3, 653, 7963
What are the prime factors of 6673007791?
9431, 707561
What are the prime factors of 100355262?
2, 3, 7, 599, 3989
What are the prime factors of 283347375?
3, 5, 755593
What are the prime factors of 3546149200?
2, 5, 11, 23, 67, 523
List the prime factors of 63871382.
2, 4133, 7727
List the prime factors of 302854343.
11, 733, 37561
What are the prime factors of 60742484?
2, 11, 41, 3061
List the prime factors of 2476514341.
7, 251, 201359
What are the prime factors of 1919666446?
